se 6*g + 5*u - 12 = 3*g, -4*g + 5 = 3*u. Let p be -46*(-3*g/6)/(-1). Calculate the highest common factor of r and p.
23
Let d = -15 + 8. Let l = 9 + d. Suppose 0 = -10*r + 221 - 141. Calculate the greatest common divisor of r and l.
2
Let n be (84/(-10))/((-6)/60). Suppose -21*r + 7*r = -1036. Let s be r/111 - (-122)/6. Calculate the greatest common factor of s and n.
21
Let w(p) = 62*p**2 - 3*p - 2. Let z be w(-1). Let l be (280/(-40))/((-1)/3). What is the highest common divisor of l and z?
21
Let p(z) = 2*z - 27. Let g be p(-15). Let u = -57 - g. Suppose u = -0*l - 2*l + 126. What is the greatest common factor of 9 and l?
9
Suppose 6*m - 132 = 84. Let u = 32 - m. Let l be (26/(-4) - -2)/(2/u). Calculate the greatest common divisor of l and 63.
9
Suppose 3*u = 5*f + 2*u - 1763, 1420 = 4*f - 4*u. Let o(a) = 43*a + 945. Let s be o(-19). Calculate the greatest common divisor of s and f.
32
Let l(j) = j**2 + 26*j - 40. Let i be 3*4/54 - (-17110)/(-531). Let a be l(i). Calculate the greatest common factor of a and 8.
8
Let s = 30471 + -25571. Calculate the greatest common divisor of 560 and s.
140
Let c = 166060 + -165378. Suppose 4*i = -i + 620. Calculate the greatest common factor of c and i.
62
Suppose 2*t + 0*s - s - 101 = 0, 4*t = -3*s + 187. Suppose -x = -3*x - 4*a + 44, 6*x - 104 = -5*a. Calculate the greatest common factor of x and t.
7
Suppose -14*p + 13*p = 17*p. Suppose -5*q + 82 = 2*j, 0 = j - p*j + 4*q - 44. What is the greatest common factor of 468 and j?
36
Let m(b) = b**3 + 5*b**2 - 6*b + 1. Let k(o) = -o**2 + 24*o + 75. Let y be k(27). Let g be m(y). What is the highest common factor of 8 and g?
1
Suppose 3*r + 89 = -367. Let l = r + 184. What is the highest common divisor of l and 224?
32
Let x = 404 - 388. Calculate the greatest common factor of x and 29.
1
Suppose 0 = -3*l - 9, 17*y - 4*l - 16 = 16*y. Let o be 70/y - (-51)/(-34). Let g = -181 + 357. What is the highest common divisor of g and o?
16
Suppose 0 = 3*q - 5*t - 67, -2331 = 2*q + 3*t - 2382. Let v(p) = -9*p - 2. Let a be v(-3). Suppose -97 = -3*u - a. What is the highest common factor of u and q?
24
Let n(h) = -2*h**2 - 2*h + 459. Let m be n(14). Calculate the highest common divisor of 2613 and m.
39
Let f(l) = 7*l - 27. Let h be f(5). Suppose -8*y + 48 = h. Suppose y*n + 3*j + 5 = 25, 2*j - 18 = -4*n. What is the greatest common divisor of 56 and n?
7
Suppose -25*z + 5 = -20*z, -6*w + 2264 = -4*z. Calculate the highest common divisor of w and 66.
6
Suppose k + 10*s = 13312, 0 = 3*s - 2*s + 5. Calculate the highest common divisor of 131 and k.
131
Let r be (-980)/(-42)*(-9)/(-6)*6. Let l = -313 - -488. What is the greatest common factor of r and l?
35
Let x be 27 + -11 - (-10 + 8 - 0). What is the greatest common factor of 28773 and x?
9
Let m be 59 + (0 - (-4)/(-1)). Suppose -37*h = -12*h - 3039 + 1114. What is the greatest common divisor of m and h?
11
Let h = -12 + 2. Let u(v) be the third derivative of v**5/20 + 5*v**4/12 + 16*v**3/3 - 205*v**2. Let j be u(h). What is the highest common factor of j and 29?
29
Suppose 0 = 3*j - 0*j + 2*y + 4993, 0 = -2*j + y - 3331. Let x be (18/(-5))/(74/j). Calculate the greatest common factor of x and 81.
81
Let u = 252 - 191. Let p = u + -31. Calculate the highest common divisor of p and 54.
6
Suppose 4*a - 5*x - 35 = 0, -2*a - x - 40 = -61. Suppose 5*b - 3*b = -4*f + 136, 5*b + 10 = 0. Calculate the highest common divisor of f and a.
5
Suppose -2*x + 196 = -5*p, 11*x - 7*x - 412 = 5*p. Calculate the greatest common factor of x and 1128.
12
Let j be 5/((-1590)/264 + 6). Let n = 286 + j. What is the greatest common factor of n and 22?
22
Suppose 2*j + 0*j = -4*a + 8, 4*a - 8 = 5*j. Let o(f) = -6*f + 13. Let w be o(j). Let p = w - 2. Calculate the highest common factor of 11 and p.
11
Let f be ((-5)/(-3))/(14/1680). Let a = -177 + f. What is the greatest common divisor of 322 and a?
23
Let n = -359 - -357. Let s be -6*-17*(n + 0)/(-4). Calculate the greatest common factor of 51 and s.
51
Let x be 1/((-14)/3466344*-12). Calculate the greatest common divisor of 47 and x.
47
Let a = 2486 - 2456. What is the greatest common divisor of a and 52?
2
Suppose -106 + 8 = -7*w. Suppose w*v = -484 + 1296. Calculate the greatest common divisor of 58 and v.
58
Let o be (2706/(-12) + 2)*(-5)/((-30)/(-4)). Calculate the greatest common divisor of o and 8642.
149
Let y = -200 + 312. Let a(s) = -s**3 + 21*s**2 + 74*s - 16. Let k be a(24). What is the highest common factor of k and y?
16
Let g(l) = 141*l + 709. Let i be g(-5). Let h(m) = -9*m. Let q be h(-6). Let r be (-792)/q*(-114)/i. Calculate the greatest common factor of 38 and r.
38
Let m(p) = 41*p**2 - 161*p + 2. Let y be m(6). What is the greatest common factor of y and 1664?
128
Let x = 104 - 134. Let w be (-12)/x + (0 - (-636)/10). What is the greatest common factor of 4 and w?
4
Let l = -8410 - -23648. Calculate the highest common factor of 38 and l.
38
Suppose 0 = -23781*p + 23768*p + 12053 + 11386. Calculate the highest common factor of p and 6.
3
Let p(s) = -2*s**3 - 54*s**2 - 50*s + 142. Let r be p(-26). Calculate the greatest common divisor of r and 2630.
10
Let q = -601 + 616. What is the highest common divisor of 4245 and q?
15
Suppose 74*a - 2*v = 71*a + 1215, -385 = -a - 6*v. Calculate the greatest common factor of a and 247.
13
Suppose 1466 = 90*h + 476. What is the greatest common factor of h and 1265?
11
Let q(f) = -3*f**3 + 7*f**2 + 2*f + 2*f**2 - 7*f**2. Let h be (-10)/(-25) + (-12)/5. Let u be q(h). Calculate the greatest common factor of u and 42.
14
Let l = 19699 + -19648. Suppose -2*c = 2*j + 30 - 2142, -2097 = -2*j + 3*c. Let a = -645 + j. What is the greatest common factor of l and a?
51
Let k = 41 + -14. Suppose 0 = -2*m - 8, -4*h + 7*h - 2*m = 125. Let q = h - 30. What is the greatest common divisor of q and k?
9
Suppose 5*v + 93 = 3*n, 121 = 3*n - 2*v + 19. Calculate the highest common factor of 576 and n.
36
Let x = 15 - -36. Let w be (x/(-34))/(1/(-2)). Suppose 0 = 6*i - 2*i + 2*m - 260, 2*i + w*m = 126. What is the highest common factor of i and 11?
11
Let n(k) = -83*k + 1076. Let y be n(7). What is the highest common factor of y and 540?
45
Let g(n) = -26*n**2 - 942*n - 194. Let v be g(-36). Calculate the greatest common factor of v and 20042.
22
Let s(g) = -7*g - 14. Suppose -51*y - 126 = -52*y. Let m = 116 - y. Let t be s(m). Calculate the highest common divisor of t and 14.
14
Let b be 0 - ((4 - -205) + -8). Let d be b/(-6) - -4*(-6)/(-16). What is the highest common divisor of 875 and d?
35
Suppose 15*s = -4*s + 291 - 44. What is the greatest common factor of 15769 and s?
13
Let g = 666 + -671. Let n(z) = z**3 + 5*z**2 - 3*z + 23. Let o be n(g). Calculate the greatest common factor of 475 and o.
19
Let t(o) be the second derivative of o**3/6 - 11*o**2/2 + 12*o + 1. Let b be t(31). Calculate the greatest common factor of b and 80.
20
Let i be -543*(4485/(-45))/23. Calculate the highest common divisor of 39 and i.
13
Let t(q) = 3*q - 29. Let r be t(8). Let m(h) = -20*h - 32. Let w be m(r). What is the highest common divisor of 204 and w?
68
Let d = -8329 + 8389. What is the greatest common divisor of d and 20820?
60
Let y = 330 - 315. Suppose 0 = -4*s + 1528 + 92. Suppose 0 = -0*t - 3*t + s. Calculate the greatest common factor of y and t.
15
Let o = 106 - 29. Let i(l) = l**3 - 5*l**2 + 16*l + 33. Let c be i(10). Calculate the greatest common divisor of o and c.
77
Let w(v) = v**3 - 2*v**2 - 9*v + 9. Let x be w(7). Let s = -299 - -304. Suppose 5*f = 4*b - x, -4*f + s = -15. Calculate the highest common divisor of b and 6.
6
Let a be 2/6 + (-645)/(-9). Suppose 43*v - 12*v = 6882. Let i = 240 - v. Calculate the highest common factor of i and a.
18
Suppose -w + 2*v - 27 = -91, 6 = -v. What is the greatest common factor of w and 7644?
52
Let v be (-106)/(-1431) - 536/(-54). What is the highest common divisor of 1205 and v?
5
Suppose 2*d - 3*w - 348 = 0, -337*w = -3*d - 340*w + 492. Calculate the highest common factor of 1428 and d.
84
Let p(q) = q**3 - 8*q**2 - 8*q + 4. Let f be p(9). Let c be (-7)/(-21) + (-87)/(-9) + 1. Let y = 106 + c. What is the greatest common divisor of f and y?
13
Suppose 5*b - r + 624 = 0, -5*b - 4*r - 628 = -r. Let s = b + 155. Le